 thousands digit of a(111)?
1
Suppose 0*z + 5*y = z - 72, 0 = 3*z - 2*y - 255. Suppose 0 = 2*q + 31 - z. Let a = q + -23. What is the units digit of a?
5
Let i(v) = -5*v - 43. Let d be i(-8). Let a be (d + -1)*1/(-2). Suppose 4*j = 18 + 2, 0 = g + a*j - 87. What is the units digit of g?
7
Suppose -123*y + 8550 = -117*y. Suppose 0*z = -3*z + y. What is the units digit of z?
5
Suppose -53*b + 5*b = -24048. What is the units digit of b?
1
Let f = 91283 + -43316. What is the ten thousands digit of f?
4
Suppose -2*s + 2752 = -2*a - 1676, 10 = 2*a. What is the hundreds digit of s?
2
Suppose 5*t - 5 - 15 = 0. Suppose 0 = -9*l + t*l + 380. Let w = l + -71. What is the units digit of w?
5
Let t be (-3 - -4)*(23 + -4). Let k(y) = -9 - 21*y + 13*y**2 - 20*y**3 + t*y**3 + 2*y. What is the hundreds digit of k(10)?
1
Let f be -4 + 0/2 + (-4)/(-2). What is the tens digit of (2/5 + f)/(1/(-25))?
4
Suppose -50*w - 77284 + 402438 + 241396 = 0. What is the ten thousands digit of w?
1
Let g(f) = 27*f**2 - 118. Let p be g(14). Suppose -13*q = 13*q - p. What is the tens digit of q?
9
Let r = -5152 - -7822. Suppose -40*w + 37*w + r = 0. What is the hundreds digit of w?
8
Let n = 2751 - 451. Let s = n + -1545. What is the hundreds digit of s?
7
Suppose -2*c + 6*s = s - 15783, -c = -2*s - 7891. What is the hundreds digit of c?
8
Suppose 5*w + g = 136996, -4*g - 28178 - 26616 = -2*w. What is the units digit of w?
9
Let o be 5 + -3 + -1 + (-1 - -2). What is the tens digit of (213/(-9)*3)/(o/(-14))?
9
Suppose -2*m = 4*n - 58626, 27*m - 23*m + 58596 = 4*n. What is the tens digit of n?
5
Suppose -19770 = -50*q + 54030. Suppose -3*l = -0*l - z - 25, -3*l + 29 = -2*z. Suppose 5*m - q = -l*m. What is the tens digit of m?
2
What is the thousands digit of (-4 + 6)/((-84)/47316*(-3)/21)?
7
What is the units digit of (-34)/2*(-326 - (-19)/((-171)/(-90)))?
2
Suppose -4*u = -3*f - 45, -u - f + 49 = 3*u. Let c(r) = -2*r + 77. What is the units digit of c(u)?
3
Suppose -50*m + 2489431 = 219509 - 2233728. What is the ten thousands digit of m?
9
Let d(n) = -n**3 - 4*n**2 - 23*n - 21. Suppose -3*s + 40 = -9*r + 4*r, -4*r - 29 = -3*s. What is the units digit of d(r)?
9
Let y(w) = -w**2 + 0*w + 2 + 13*w - 3*w. Let d = 1057 - 1052. What is the tens digit of y(d)?
2
Suppose -51841*h - 2691885 = -51872*h. What is the tens digit of h?
3
Let y = -945 - -636. Let k = y - -521. Suppose -f - f = -k. What is the hundreds digit of f?
1
Suppose -139*a = -173*a + 74018. What is the tens digit of a?
7
Let l = 15 - 14. Let k be ((l/(-2))/1)/((-1)/(-12)). What is the units digit of ((4/k)/2)/(14/(-3654))?
7
Suppose 7*m = 9*m + 4*p - 46756, -3*p = 4*m - 93537. What is the tens digit of m?
8
Let y be 5*2/15*1*12. Suppose -y*q + 2523 = -85. What is the hundreds digit of q?
3
Suppose -56129 = -40*i + 12*i + 381483. What is the hundreds digit of i?
6
Suppose 0 = z + 3*k - 17385, 9*z - 34746 = 7*z + 2*k. What is the units digit of z?
6
Suppose -7*m - 60960 = -u, 0 = -5*u + 3*m + 265984 + 38784. What is the units digit of u?
3
Suppose 4*l = 3*g - 49344, 11*g = 6*g + l + 82274. What is the tens digit of g?
5
Suppose -407*x + 271*x + 7575744 = 0. What is the units digit of x?
4
Suppose -4654 = 7*z - 52087 - 47942. What is the hundreds digit of z?
6
Suppose -11*g + 6*g = -4360. Suppose 976 + g = 12*a. What is the units digit of a?
4
Let f = 119543 + -78937. What is the tens digit of f?
0
What is the tens digit of (-1*4 + (-1488)/(-279))*37581/4?
2
Let p = 8159 - -3088. What is the units digit of p?
7
Suppose 258*y + 34*y - 584 = 0. Let d be (-4)/6 + 28/6. Suppose a - y*o - 80 = 2*o, d*o = -3*a + 224. What is the tens digit of a?
7
What is the thousands digit of 96/16 + ((-500)/(-30))/((-2)/(-282))?
2
Let l be (561/22)/((-6)/(-4)). Suppose 24 = l*n - 13*n. Suppose 0 = -n*g + 9*g - 156. What is the units digit of g?
2
Let k(n) = -n**3 + 12*n**2 - 7*n - 2. Let s be k(9). Suppose 346 = 5*r + 951. Let q = r + s. What is the tens digit of q?
5
Let p = 1913 + -1233. Let z = p + 105. What is the hundreds digit of z?
7
What is the thousands digit of (-7)/((-98)/580195) + ((-84)/(-8))/7?
1
Suppose 11 = -m - 0*m + 5*l, 5*m + 5*l - 65 = 0. Suppose -m = -2*x + 3*v - 0*v, 3 = -3*v. Suppose -x*o + 35 = -55. What is the units digit of o?
0
Let d(n) = -17*n**3 + n**2 - 3*n - 1. Let v be d(-2). Suppose -4*l = v - 1297. What is the units digit of l?
8
Let q be (-1 - -3)*77/(-22)*1. What is the hundreds digit of 160 - (-5 - 14/q)?
1
Suppose -76*o + 266668 = -486416. What is the thousands digit of o?
9
Let b(c) = -c**3 - 15*c**2 + 15*c - 14. Let f be b(-16). Let d(j) = 21*j**f + 2 - j - 5*j + 6*j. What is the units digit of d(2)?
6
Let g(m) = -350*m**3 + 18*m**2 + 76*m + 6. What is the ten thousands digit of g(-4)?
2
Let v(r) = r**3 + 12*r**2 + 10*r - 18. Suppose -3*j + 9*l - 7*l = -29, 0 = -3*j - 5*l + 1. What is the units digit of v(j)?
3
Let s(r) = -r**3 + 5*r**2 + 4*r - 1. Let g be s(7). Let k = 60 + g. Let w = k - -219. What is the units digit of w?
8
What is the hundreds digit of -801*(-14 + 300/(-9))?
9
Let j be 71/1 - 4 - (4 - 3). Let p = -63 + j. Suppose 179 = 3*n + 2*f, -p*n + 4*f - 3*f = -185. What is the tens digit of n?
6
Suppose 8*b - 3*b - 5 = 0. Let c be 8/(-16) - b/((-6)/747). Let p = -76 + c. What is the units digit of p?
8
Let c = 171 + -96. Let b = 78 - c. Suppose b*v - 10 = a, 0 = -3*a + 4*v - 6 + 1. What is the units digit of a?
5
Let z be (-121)/4 - (3 + 52/(-16)). Let q be (-20)/z - (-502)/3. Suppose y - q = 65. What is the hundreds digit of y?
2
Let d(w) = -5*w + 45. Let o be d(9). Suppose -12*g - 10*g + 3784 = o. What is the tens digit of g?
7
Suppose 2*x + 6*w - 7*w + 21 = 0, 0 = 2*x + w + 11. Let g(h) = 10*h**2 + 7*h - 31. What is the units digit of g(x)?
3
Let k(w) = 772*w + 68. What is the hundreds digit of k(2)?
6
Let f = -51358 + 87741. What is the hundreds digit of f?
3
Let v = -4140 - -35950. What is the tens digit of v?
1
Let y(t) = -3*t**3 - 3*t**2 + 16*t. Suppose 0 = -78*i + 82*i + 24. What is the tens digit of y(i)?
4
Let x(y) = y**2 + 0*y**2 + 11 + 6*y**2 - 5*y**2 - 17*y. What is the tens digit of x(10)?
4
What is the thousands digit of 2/2 - (1 - 15294*(-4)/(-24))?
2
Suppose 2*a - 5*d - 9720 = -3*d, 5*d - 24220 = -5*a. What is the thousands digit of a?
4
Let m(i) = 130*i**2 - 17*i + 2. What is the thousands digit of m(-7)?
6
Suppose -3*f = -5*l + 27, 9 = 4*l + f + 1. Suppose 4*d - 1048 = -4*a + 72, l*a = 15. What is the hundreds digit of d?
2
Suppose 103*a - 2*q + 143326 = 107*a, -4*q - 35818 = -a. What is the ten thousands digit of a?
3
Suppose 2*i - 5 = i. Suppose -i*a = 4*d - 13, -4*a + 0*a + 5*d - 6 = 0. What is the units digit of (60/(-25))/(a/(-20))?
8
Suppose -330*h + 4979385 = -75*h. What is the units digit of h?
7
Let j(n) be the third derivative of n**5/12 - n**4/12 - 10*n**3/3 + 88*n**2. What is the hundreds digit of j(-7)?
2
Suppose 4*v + 5*m + 126 = 4170, 2032 = 2*v + 5*m. Suppose -3856 + v = -6*w. Suppose 4*i - 77 = w. What is the units digit of i?
8
Let t(a) = a**2 + 31*a - 254. Let y be t(-38). Let g(u) = 13*u**2 - 89*u - 12. What is the tens digit of g(y)?
9
Suppose -3*n + 14 = -p, n = -5*p - 29 + 7. Let y be (-21)/6*1*-2 - n. Suppose 16 = y*w - 20. What is the units digit of w?
9
Let g = 11 - 26. Let k(l) be the second derivative of -l**5/20 - 17*l**4/12 - 6*l**3 - 15*l**2/2 + l - 228. What is the tens digit of k(g)?
7
Let v = -15618 + 22395. What is the hundreds digit of v?
7
Let n = 5871 - 4728. What is the tens digit of n?
4
Suppose -13*q - 5*q + 54 = 0. Suppose q*z - 5*y = -y + 1108, 4*y + 16 = 0. What is the hundreds digit of z?
3
Suppose 14*z = 21*z - 21. Suppose z*o + 3623 = 2*g, -2*g + 3*o + 3628 = 5*o. What is the hundreds digit of g?
8
What is the units digit of (-183)/2*(-496 - (-150)/(-5))?
9
Let r be (-2)/11 - 1242/(-297). Suppose 3*i + s = 10, 0*s + 13 = r*i + s. What is the units digit of i?
3
Let m(o) = 19*o - 114. Let u be m(6). Suppose 2*d - 391 = -g, u = 4*g - 9*g - 25. What is the units digit of d?
8
What is the thousands digit of (-61)/3*(-29)/(174/2898)?
9
What is the ten thousands digit of (-4)/30 - 5340/25*(-29556)/162?
3
Let h = 44 - 40. Suppose -4*t = 4*y, y - h*t = -4*y + 18. Suppose 204 + 8 = y*k. What is the units digit of k?
6
Suppose 78540 =